factor of 2690220?
False
Is 1483186272 a multiple of 96?
True
Is 135308992 a multiple of 52?
True
Is 881 a factor of 17105496?
True
Is 249 a factor of 81039291?
True
Is 15371532 a multiple of 297?
True
Is 4 a factor of 473460522?
False
Does 45 divide 63644715?
True
Is 745939399 a multiple of 1348?
False
Is 254660210 a multiple of 71?
False
Is 12 a factor of 12709416?
True
Is 22961330 a multiple of 80?
False
Is 537966312 a multiple of 248?
True
Is 285230754 a multiple of 1647?
True
Is 23 a factor of 84713117?
True
Is 254 a factor of 391173462?
True
Does 240 divide 24119040?
True
Is 172 a factor of 576061139?
False
Is 19 a factor of 1270196246?
True
Does 21 divide 550983883?
False
Does 1411 divide 375112939?
True
Does 56 divide 302066589?
False
Is 12 a factor of 487447313?
False
Is 2577433700 a multiple of 3982?
False
Does 420 divide 5714051?
False
Is 2956 a factor of 10928332?
True
Is 275028975 a multiple of 3?
True
Is 69 a factor of 63061653?
True
Is 304 a factor of 267082240?
True
Is 16 a factor of 50543276?
False
Does 5469 divide 530584238?
False
Does 164 divide 125361997?
False
Is 428941739 a multiple of 719?
True
Is 71 a factor of 149046040?
True
Is 16935765 a multiple of 161?
False
Does 17 divide 113516786?
True
Is 503 a factor of 1181056072?
True
Is 126481140 a multiple of 156?
False
Is 3374590 a multiple of 15?
False
Does 1494 divide 19105272?
True
Is 343692774 a multiple of 27?
True
Does 6559 divide 676410512?
False
Is 396 a factor of 119462112?
True
Does 560 divide 33236034?
False
Is 579482285 a multiple of 5?
True
Does 374 divide 19237064?
True
Is 413 a factor of 19513265?
False
Does 1629 divide 795983157?
True
Is 2611 a factor of 876927849?
True
Does 86 divide 121201176?
True
Is 625 a factor of 139193125?
True
Is 280 a factor of 3451300?
False
Is 76 a factor of 32661378?
False
Is 5925702 a multiple of 212?
False
Is 1178589 a multiple of 65?
False
Is 491353642 a multiple of 338?
True
Is 6824000 a multiple of 16?
True
Does 13 divide 172030820?
True
Is 70 a factor of 129473470?
True
Is 2574 a factor of 103904611?
False
Does 253 divide 831917122?
False
Is 590 a factor of 10894591?
False
Does 1415 divide 1625943534?
False
Is 11 a factor of 70773280?
False
Is 12 a factor of 60368845?
False
Does 14 divide 1208361056?
True
Is 222875221 a multiple of 33?
False
Is 4049 a factor of 5295128338?
True
Is 2472393058 a multiple of 5513?
True
Is 16 a factor of 42225284?
False
Is 58082160 a multiple of 417?
False
Is 549 a factor of 1096712595?
True
Is 62491828 a multiple of 23?
True
Is 41343456 a multiple of 32?
True
Does 46 divide 433888912?
False
Is 81 a factor of 18692119?
False
Does 77 divide 90747041?
True
Is 32 a factor of 153938117?
False
Is 57623418 a multiple of 36?
False
Is 23576976 a multiple of 24?
True
Does 36 divide 1847183?
False
Does 534 divide 1479766866?
True
Does 13 divide 64764466?
True
Does 1124 divide 3480970676?
True
Is 191829526 a multiple of 6?
False
Does 1697 divide 50596055?
True
Is 1882549680 a multiple of 6430?
True
Does 48 divide 11723520?
True
Is 163930741 a multiple of 37?
False
Does 7 divide 178069968?
False
Is 2589 a factor of 2532686132?
False
Is 9253872 a multiple of 8?
True
Is 415 a factor of 55933678?
False
Is 108 a factor of 580857299?
False
Is 72769770 a multiple of 9?
True
Is 652 a factor of 112661688?
True
Is 100700689 a multiple of 148?
False
Is 36729185 a multiple of 545?
True
Is 26449521 a multiple of 38?
False
Is 713 a factor of 20325542?
False
Is 1580 a factor of 1090527044?
False
Is 441 a factor of 3156703578?
True
Does 842 divide 36838201?
False
Is 15296754 a multiple of 106?
True
Is 717773028 a multiple of 172?
True
Is 540673076 a multiple of 357?
False
Is 3872 a factor of 1545160320?
True
Is 410296682 a multiple of 108?
False
Is 1337 a factor of 1070251119?
True
Does 115 divide 647920695?
True
Is 24550833 a multiple of 109?
True
Does 117 divide 69070210?
False
Is 11667964 a multiple of 172?
True
Is 725241495 a multiple of 95?
True
Is 18403232 a multiple of 611?
False
Does 42 divide 21148680?
True
Is 140 a factor of 80772580?
True
Does 5246 divide 106948736?
False
Is 16 a factor of 10242361?
False
Does 190 divide 27604712?
False
Is 73646880 a multiple of 10?
True
Is 12050683 a multiple of 29?
False
Is 15207241 a multiple of 146?
False
Is 630534084 a multiple of 9585?
False
Is 11609332 a multiple of 15?
False
Is 187081430 a multiple of 10?
True
Is 214002184 a multiple of 181?
False
Does 286 divide 156871108?
False
Is 1094 a factor of 306856021?
False
Is 11 a factor of 169080318?
True
Does 33 divide 1342833?
False
Does 569 divide 85887792?
False
Is 909 a factor of 2560598259?
False
Is 396 a factor of 1938916942?
False
Is 995 a factor of 367018685?
True
Is 8 a factor of 19051944?
True
Does 24 divide 9263025?
False
Does 1258 divide 2040518463?
False
Is 11 a factor of 25842396?
False
Does 2863 divide 1437200233?
True
Does 58 divide 1889077511?
False
Is 2026 a factor of 313648641?
False
Is 214623352 a multiple of 13?
False
Does 490 divide 19703660?
False
Does 3 divide 41135221?
False
Is 62 a factor of 2305888996?
True
Does 222 divide 253731570?
True
Is 18 a factor of 398989372?
False
Is 120 a factor of 1917026757?
False
Does 880 divide 454960?
True
Does 3401 divide 1902369756?
True
Does 115 divide 3331622647?
False
Is 71 a factor of 2761474?
True
Does 24 divide 201067896?
True
Is 11 a factor of 167444416?
False
Is 6 a factor of 89912580?
True
Does 33 divide 20956299?
False
Is 10 a factor of 20923170?
True
Does 33 divide 27053037?
True
Is 1520 a factor of 52540861?
False
Is 128 a factor of 114602752?
True
Does 151 divide 22115026?
False
Does 371 divide 155998496?
False
Is 276850464 a multiple of 99?
False
Does 1214 divide 305743756?
False
Is 131 a factor of 2733948909?
True
Is 242 a factor of 488728582?
False
Does 17 divide 740171891?
True
Does 596 divide 133291112?
False
Does 759 divide 657148272?
True
Is 807 a factor of 631374651?
False
Does 18 divide 6242670?
True
Is 61750163 a multiple of 10?
False
Is 86216634 a multiple of 1806?
True
Is 413832947 a multiple of 1078?
False
Is 83291676 a multiple of 82?
False
Does 13 divide 334125529?
False
Is 38 a factor of 352713834?
True
Is 5251827 a multiple of 141?
True
Is 246 a factor of 49424598?
True
Is 14 a factor of 1283046590?
True
Is 46774124 a multiple of 488?
False
Is 140321082 a multiple of 39?
False
Is 661406092 a multiple of 21?
False
Is 473491890 a multiple of 18?
True
Is 20 a factor of 4135468451?
False
Is 320687388 a multiple of 7?
True
Is 7133558 a multiple of 58?
False
Is 419751256 a multiple of 173?
False
Is 233266500 a multiple of 3330?
True
Is 62 a factor of 57535897?
False
Is 1385 a factor of 682140200?
True
Does 576 divide 22727113?
False
Is 217183810 a multiple of 14?
False
Is 1661253 a multiple of 1047?
False
Does 5805 divide 1704803156?
False
Does 2236 divide 334817221?
False
Is 1611 a factor of 1200640396?
False
Is 2885347215 a multiple of 3629?
False
Is 9348290 a multiple of 35?
True
Is 118 a factor of 4107209716?
True
Does 122 divide 49111821?
False
Is 42722017 a multiple of 295?
False
Is 27199916 a multiple of 208?
False
Is 27089136 a multiple of 8?
True
Is 218615 a multiple of 328?
False
Is 91 a factor of 373409255?
False
Is 2 a factor of 23297946?
True
Is 2684084 a multiple of 2578?
False
Is 1666017522 a multiple of 356?
False
Is 253 a factor of 93694043?
False
Is 23371859 a multiple of 2065?
False
Is 22465472 a multiple of 276?
False
Is 78 a factor of 6764525?
False
Is 1944 a factor of 7065810?
False
Does 1662 divide 250052886?
True
Does 2 divide 7181971?
False
Is 22047620 a multiple of 554?
False
Is 64 a factor of 191474496?
True
Is 55311236 a multiple of 29?
True
Is 57 a factor of 1750534035?
False
Is 450 a factor of 120778213?
False
Is 2 a factor of 70668621?
False
Is 138 a factor of 43991916?
True
Is 168 a factor of 363295800?
True
Is 10 a factor of 130912780?
True
Is 4 a factor of 128335268?
True
Is 47 a factor of 253984575?
False
Does 182 divide 64974910?
True
Is 22 a factor of 35486374?
True
Is 212 a factor of 8629360?
False
Is 2014 a factor of 59795660?
True
Does 31 divide 1573022386?
False
Does 15 divide 1323271459?
False
Is 51 a factor of 68792217?
True
Does 2296 divide 201573604?
False
Does 52 divide 72134088?
True
Is 1